est common divisor of 114 and u.
6
Suppose 6 = b - 3*b, -b = 3*g - 6. Let m(n) = n**3 + 2*n**2 - 3. Let o be m(g). Calculate the highest common divisor of o and 14.
14
Let f be (8/10)/(4/50). Let m be (-150)/(-12)*12/(-15)*-4. What is the greatest common factor of f and m?
10
Let t = 14 + -8. Calculate the highest common factor of 15 and t.
3
Suppose -2*b + 1 = -71. Calculate the highest common factor of b and 9.
9
Suppose -3*a = -44 - 190. Let o = 34 + a. Calculate the highest common divisor of 14 and o.
14
Let f(i) = 5*i**2 - 2*i + 2. Let a be f(-4). Suppose 0 = 4*s - 87 - 57. Calculate the highest common divisor of s and a.
18
Suppose 2*s - 5*t + 1 = 0, -50 = 3*s + 2*s - 3*t. Let w = s + 32. Calculate the highest common divisor of w and 95.
19
Let k(v) = -v**3 + 9*v**2 + v + 10. Let o(l) = -1. Let x(q) = k(q) + 5*o(q). Let u be x(7). What is the greatest common divisor of u and 10?
10
Suppose -3*t + 3 = -3*x, -5 = x + t - 3*t. Suppose 2*a = -2*a + 4. Calculate the highest common divisor of a and x.
1
Suppose 17*t = 13*t + 28. Calculate the greatest common factor of t and 28.
7
Let o be 2/4*0 - -15. Let a be (64/(-24))/((-1)/3). Suppose -n + a = -2*l + 1, 3*n - 3*l - 33 = 0. Calculate the highest common factor of o and n.
15
Suppose -2*u + 14 = -4*u - 4*z, 2*u = 4*z + 18. Let n(o) = o**2 + 5*o + 3. Let j be n(-6). Calculate the highest common divisor of j and u.
1
Let t be (2/(-4))/((-2)/8). Let x = 1 - -2. Suppose -5*r + 5*s + 100 = 0, 0 = -r - x*s + 18 - 6. Calculate the greatest common factor of r and t.
2
Let m be (2/(-6))/((-7)/126). Suppose 0*y + y - m = 0. What is the greatest common factor of y and 12?
6
Let h = 10 - 2. Let v(o) = o**3 - 7*o**2 + 8*o - 8. Let d be v(6). Suppose u = d*u - 12. What is the highest common factor of u and h?
4
Let j(k) = -k**3 + 13*k**2 + k - 6. Let z be j(13). Calculate the highest common factor of z and 56.
7
Let h(u) = -u**2 - 19*u - 10. Let s be h(-14). What is the greatest common factor of 12 and s?
12
Suppose -4*h + 45 = -15. What is the highest common factor of 45 and h?
15
Let i = 40 + -23. Let q = 4 + 0. Suppose -q*s - 29 + 97 = 0. Calculate the greatest common divisor of s and i.
17
Suppose 5*n = -4*y + 2*y + 452, y + 96 = n. Calculate the greatest common factor of 23 and n.
23
Let q = 16 + -8. Let u = 117 - 109. What is the greatest common factor of q and u?
8
Suppose -35 = -4*n + 13. Suppose 5*u - 788 = -128. What is the highest common divisor of n and u?
12
Let o = 87 + -37. What is the greatest common factor of o and 75?
25
Let v(u) = u**3 + u - 5. Let q be v(0). Suppose 0 = w + 4*n - 9, 2*n + 10 + 38 = 2*w. Let d = w + q. What is the highest common factor of 40 and d?
8
Let n = 13 - 10. Suppose 45 = 2*j + n*j. Calculate the highest common divisor of 36 and j.
9
Suppose -2*z - 59 = -451. Let r(x) = x**3 - 12*x**2 + 3*x - 8. Let k be r(12). Calculate the greatest common divisor of k and z.
28
Let q(i) = i**3 + 9*i**2 - 4. Let c be q(-9). Let b(d) = 2*d**2 - 4*d. Let k be b(3). Let l be 76/6 + c/k. What is the highest common factor of 84 and l?
12
Suppose -4*z + 438 + 270 = -4*v, 4*z - v = 693. What is the greatest common divisor of z and 43?
43
Suppose -28 = -s - 3*s - 4*y, 4*y = 5*s - 80. What is the highest common divisor of 3 and s?
3
Suppose -2*v + 7*v = 0. Suppose 0*h - h + 11 = v. What is the greatest common divisor of h and 88?
11
Let l be (2 - 0)*5/(60/138). Calculate the greatest common factor of 253 and l.
23
Suppose x - 6 = -2*x. What is the greatest common factor of x and 5?
1
Let g(h) = h**3 - 9*h**2 + 10*h. Let w be g(8). Suppose 2*y + 294 = 5*y. Suppose -3*i + y = -238. Calculate the greatest common factor of w and i.
16
Let b(x) = -x**3 + 16*x**2 - 18*x + 20. Let j be b(14). Calculate the greatest common factor of j and 20.
20
Let l(p) = -7*p + 104. Let q be l(6). What is the greatest common divisor of q and 155?
31
Suppose 0*j - 40 = -5*j. What is the highest common factor of 32 and j?
8
Suppose -h + 4*h = 30. Let v = 70 - h. Suppose -31 = -3*m + 14. What is the greatest common factor of v and m?
15
Suppose -260 = 2*s - 6*s. What is the highest common factor of s and 13?
13
Let i(c) = 3*c**2 + 11*c + 15. Let m be i(-6). What is the highest common divisor of 76 and m?
19
Suppose -z + 3 = 0, 1 = 4*g - 5*z + 4. Suppose 0 = -5*o + p + 351, -g*p + 155 + 192 = 5*o. Calculate the greatest common factor of o and 10.
10
Let p = -99 - -108. What is the highest common factor of 36 and p?
9
Let x(h) = h**3 + 9*h**2 - 3*h - 2. Let f be x(-4). Let a(q) = -2*q + 4. Let j be a(-3). Calculate the highest common factor of j and f.
10
Let l = 12 + -8. Suppose 2*o = y - 3*y + 22, -l*o - y = -59. Calculate the highest common divisor of o and 16.
16
Let h(s) = 2*s. Let k be (1 - -1)*(-2)/2. Let o be h(k). Let q be 5*(1 + o)*-1. What is the greatest common factor of 60 and q?
15
Let d be 2/10*0 - -9. Calculate the greatest common factor of d and 72.
9
Let z(d) = -3*d**3 + 7*d**3 + 3*d**2 - 5*d**2 + 1. Let p be z(1). Let i(r) = 31*r - 1. Let k be i(1). Calculate the greatest common factor of k and p.
3
Suppose t - 41 - 13 = 0. Let k = t + -26. Let z be (5 + -1)/2*2. Calculate the highest common factor of z and k.
4
Let p be 6 + (2 - 1)*-3. Let f = p - 1. What is the greatest common divisor of f and 14?
2
Let b be 1*(2 + -5) + -2. Let x = 10 + b. Suppose -2*l + 15 = 3*t - 4*t, t = -5*l + 20. What is the highest common divisor of l and x?
5
Let r be ((-32)/10)/(15/(-75)). Calculate the greatest common factor of r and 16.
16
Let b(a) = 7*a. Let h be b(4). Let k be 40*(h/(-8))/(-7). Suppose -4*t = -0 - 16. What is the highest common factor of t and k?
4
Suppose -3*h - 261 = -5*c, 4*h - 5*c + 478 = 135. Let q be h/(-5) - (-4)/(-10). What is the greatest common divisor of q and 40?
8
Let l = -13 - -19. Suppose l + 2 = 2*s. Calculate the highest common divisor of s and 44.
4
Suppose 2*r - 10 = 0, 0*i - 5*r + 9 = -2*i. What is the greatest common divisor of i and 32?
8
Suppose -2*a = 2*y - 5*y - 5, 15 = 5*a - 5*y. Calculate the highest common factor of 1 and a.
1
Suppose 51 + 47 = 2*j. What is the greatest common divisor of j and 7?
7
Suppose -2*a - 30 = 3*a. Let o = 7 + a. Calculate the greatest common divisor of o and 2.
1
Suppose -78 = -5*r + 12. Suppose 0 = -3*v + 12 + 9. Suppose -v*x + 2*x + 30 = 0. What is the greatest common divisor of r and x?
6
Suppose -3*v = -n - 0*n + 75, -3*n - v = -175. What is the greatest common factor of 15 and n?
15
Let o be -2 + ((-51)/6)/(1/(-14)). Calculate the greatest common divisor of o and 13.
13
Let x = 29 + -18. Suppose 2*i - 85 = 157. What is the highest common divisor of x and i?
11
Let k be -7*(-2 - (-60)/21). Let j be (-7)/(63/k)*6. Calculate the greatest common factor of j and 10.
2
Let z(m) = 6*m**2. Let r be z(2). Let v = -175 + 235. What is the greatest common factor of v and r?
12
Let c(v) = -v + 11. Let o = -20 - -27. Let r be c(o). Calculate the highest common factor of 4 and r.
4
Let v = 8 + 13. Let w = -1 - 0. Let o be (-45 - w)*(-21)/4. What is the greatest common divisor of o and v?
21
Let c(z) = 2*z**2 - 2*z - 4. Let w be c(3). Let p = w - -12. Suppose 150 = 6*m - m. What is the greatest common factor of m and p?
10
Let l = -34 - -60. Calculate the greatest common factor of 65 and l.
13
Suppose 84 = 60*u - 58*u. What is the highest common divisor of u and 105?
21
Let u(v) = -v**3 - 8*v**2 - 5*v - 7. Let s be u(-10). Calculate the highest common factor of 27 and s.
27
Let g = 92 - 37. Suppose -3*p = 4 - 13. Suppose 0*f + 3*f + 9 = 0, p*t + 5*f - 18 = 0. What is the greatest common factor of g and t?
11
Let b = 35 - 8. What is the highest common divisor of 108 and b?
27
Let b = 1 - -6. Let w = -84 - -105. Calculate the greatest common divisor of w and b.
7
Suppose v + 4 = 3*v. Suppose u - 2*u = -v*g - 44, -u + g + 41 = 0. What is the greatest common divisor of u and 95?
19
Let n = -5 + 9. Let t(s) = -s + 9. Let r be t(6). Let l(v) = 3*v**2 - v + 4. Let d be l(r). Calculate the highest common factor of n and d.
4
Let f be (-22)/187 + (-72)/(-34). Suppose 3 = -o, -27 = -7*i + 2*i - o. What is the highest common divisor of i and f?
2
Suppose 0 = k + 4*r - 3, 34 = 4*k + 3*r + 2*r. Let f(v) = v**2 + v + 121. Let i be f(0). Calculate the greatest commo